
In base 6, what is 1 + 30145?
30150
In base 16, what is e600 + 1?
e601
In base 11, what is 9290 + -7?
9284
In base 5, what is -1124 + 2120?
441
In base 8, what is 4 - 13033?
-13027
In base 16, what is -f - -24c9?
24ba
In base 4, what is 11312 - -132312?
210230
In base 12, what is -7 - 4355?
-4360
In base 14, what is -7 - -c7d6?
c7cd
In base 6, what is -2 + -1530001?
-1530003
In base 9, what is -23 + -65535?
-65558
In base 13, what is -6 + 11673?
1166a
In base 13, what is 6 - 3699?
-3693
In base 5, what is 314 + -1333?
-1014
In base 12, what is -12 - -17999?
17987
In base 2, what is -111010 + 11001?
-100001
In base 14, what is 4 - 3311?
-330b
In base 6, what is 24 + 1535022?
1535050
In base 13, what is -106312 - 0?
-106312
In base 14, what is -7a790 - 4?
-7a794
In base 8, what is 3 - 4516546?
-4516543
In base 10, what is -158 + 910?
752
In base 12, what is 212646 - -4?
21264a
In base 13, what is -9982b9 - 4?
-9982c0
In base 13, what is 8448 + 39?
8484
In base 10, what is 307 + 67?
374
In base 12, what is -17 - -965?
94a
In base 2, what is -1001001 + 10000010000000100?
10000001110111011
In base 3, what is -12121 + -1012?
-20210
In base 4, what is 123 - -113123?
113312
In base 2, what is -11010011110 + -11111?
-11010111101
In base 4, what is 21311 + -201020?
-113103
In base 3, what is -2020012 - -12210?
-2000102
In base 8, what is 2 + -15125?
-15123
In base 15, what is -82 - 5cba?
-5d4c
In base 14, what is 8b - 17?
74
In base 16, what is 5 + -ca6e8?
-ca6e3
In base 10, what is -1924 - -815?
-1109
In base 6, what is 105522044 - 1?
105522043
In base 9, what is -1035 - 3343?
-4378
In base 7, what is -613 - -3231?
2315
In base 2, what is -11 - 11001110111111?
-11001111000010
In base 8, what is 3 - -175613?
175616
In base 4, what is 3222 + 2202020?
2211302
In base 7, what is -5 - -140634?
140626
In base 16, what is -252 - 8?
-25a
In base 15, what is 1b13 - -b?
1b1e
In base 14, what is -1 - 372a5?
-372a6
In base 3, what is -11220202120 - -1201?
-11220200212
In base 2, what is -10111010111 - 1110?
-10111100101
In base 7, what is 1102 - -115?
1220
In base 7, what is 1 + -106343?
-106342
In base 8, what is -10 + 10055?
10045
In base 8, what is 6 - -123046?
123054
In base 7, what is 36504256 + 3?
36504262
In base 11, what is -8 + -314?
-321
In base 3, what is 22102202111 + -102?
22102202002
In base 16, what is -68d19 + -5?
-68d1e
In base 12, what is -202b6 + -2?
-202b8
In base 5, what is -13 - -30030?
30012
In base 6, what is -54 + -4411?
-4505
In base 5, what is 1111 - 3403?
-2242
In base 7, what is 12011105 + -4?
12011101
In base 5, what is -1032124 - -1?
-1032123
In base 10, what is 8579508 - 4?
8579504
In base 15, what is 18b8b + 15?
18ba1
In base 5, what is -44 - -24420232?
24420133
In base 14, what is -2 - -bb00?
badc
In base 7, what is -656 - -26324?
25335
In base 2, what is 10 + -11111001011?
-11111001001
In base 5, what is -120444422 - 3?
-120444430
In base 16, what is -ea4a - -17?
-ea33
In base 4, what is -32212032 - 21?
-32212113
In base 5, what is 3221440 - 3?
3221432
In base 13, what is -644 + 84?
-590
In base 9, what is -63 - -2873?
2810
In base 14, what is 33687 - 13?
33674
In base 6, what is -215422 + 42?
-215340
In base 6, what is 1215 + 112055?
113314
In base 3, what is -2 - 11122101012?
-11122101021
In base 5, what is -22 + -1240?
-1312
In base 11, what is 1249 + -755?
5a4
In base 4, what is -2020 - 20003013?
-20011033
In base 9, what is -4 + -302880?
-302884
In base 6, what is -1415222 + -41?
-1415303
In base 7, what is 3 - -44131?
44134
In base 11, what is 691 + 0?
691
In base 10, what is 65335 - -5?
65340
In base 5, what is -23141324 + 3?
-23141321
In base 7, what is 562140 + 2?
562142
In base 12, what is -2 + 15304?
15302
In base 14, what is 9823 + -2b?
97d6
In base 12, what is 18bba - -10?
1900a
In base 16, what is 97 + -22e?
-197
In base 11, what is 257 - -60?
307
In base 4, what is -3 - -13122102?
13122033
In base 16, what is 2 - 2e0c?
-2e0a
In base 2, what is 1111001 - -110111101?
1000110110
In base 14, what is ca + 2a75?
2b61
In base 4, what is 3 + 10311?
10320
In base 2, what is -11 + -1000110001001110?
-1000110001010001
In base 10, what is -118 + -50649?
-50767
In base 13, what is -95793 - -1?
-95792
In base 8, what is -3715 - -145?
-3550
In base 3, what is -2 + -100211212?
-100211221
In base 9, what is 181143 - 3?
181140
In base 9, what is -33 - 16743?
-16776
In base 2, what is 1000 - -1000101111010001?
1000101111011001
In base 11, what is 3 - -23218?
23220
In base 3, what is -2120101 + 10?
-2120021
In base 13, what is 192cb - 59?
19272
In base 7, what is 0 + -1053621?
-1053621
In base 14, what is -2032 + 11?
-2021
In base 12, what is 4 + -371468?
-371464
In base 3, what is -1 - -1010101200202?
1010101200201
In base 13, what is -82 + 195?
113
In base 3, what is -11 + -212100222010?
-212100222021
In base 4, what is -11021 + 122300?
111213
In base 8, what is 156 + 160?
336
In base 13, what is 1c3495 + -4?
1c3491
In base 14, what is 9a61 - -11d?
9b80
In base 2, what is -10010001100100101 + 11?
-10010001100100010
In base 4, what is -10310122 - -33?
-10310023
In base 9, what is -48851 + 5?
-48845
In base 10, what is 3 + 32992?
32995
In base 9, what is 3 + -8184?
-8181
In base 13, what is -b + -59b?
-5a9
In base 10, what is 304 - 11999?
-11695
In base 10, what is -3161 + -29?
-3190
In base 15, what is -7d - 2428?
-24a6
In base 13, what is 7 - -70a2?
70a9
In base 11, what is 0 - -9194?
9194
In base 2, what is 1000000000100110001 + 11?
1000000000100110100
In base 10, what is 37 + 642?
679
In base 16, what is 18b05d - 0?
18b05d
In base 11, what is 1 + -144782?
-144781
In base 7, what is -4 + 446003?
445666
In base 2, what is 100010 - -10110001?
11010011
In base 4, what is -111 + 1003131?
1003020
In base 7, what is -124 - -230?
103
In base 9, what is 31 - -27827?
27858
In base 16, what is 3303 - 7?
32fc
In base 2, what is -11011000101110010 - -10?
-11011000101110000
In base 8, what is -701522 + 5?
-701515
In base 2, what is -1100101111011100 + 100?
-1100101111011000
In base 2, what is 10110011100 - 1000100?
10101011000
In base 16, what is -1031 - -2?
-102f
In base 10, what is -21256 - -1?
-21255
In base 5, what is 3 + -34234?
-34231
In base 3, what is -1 + 22110010220?
22110010212
In base 16, what is -27 - 704?
-72b
In base 16, what is 0 - ca7b0?
-ca7b0
In base 16, what is 15 + -1c50?
-1c3b
In base 16, what is -182 - d?
-18f
In base 12, what is 0 + b3124?
b3124
In base 3, what is 11000201112 + 0?
11000201112
In base 2, what is 10 + -1010000100010000101?
-1010000100010000011
In base 7, what is -4 - 4466063?
-4466100
In base 11, what is 0 + 5183?
5183
In base 13, what is 69 - -12a8a?
12b26
In base 2, what is 10 - -100100100100000?
100100100100010
In base 5, what is -313233 - -1313?
-311420
In base 11, what is -92 + 386?
2a4
In base 12, what is -25b61 + 6?
-25b57
In base 12, what is -1b13b1 + -3?
-1b13b4
In base 12, what is 10935 + 14?
10949
In base 5, what is 100433 - -1004?
101442
In base 3, what is 10022 - -10101121?
10111220
In base 13, what is -1371 - -46?
-1328
In base 5, what is 1012132 + 2?
1012134
In base 2, what is 1010001 - 100110001111110?
-100110000101101
In base 9, what is -1763 - -3?
-1760
In base 12, what is 6701 - -3?
6704
In base 15, what is 4 + -420?
-41b
In base 6, what is 1 + -11112341?
-11112340
In base 8, what is -2 + 2223470?
2223466
In base 2, what is 110101010111111010 + 101?
110101010111111111
In base 13, what is -1a165 + 0?
-1a165
In base 10, what is 303348 + 5?
303353
In base 16, what is 2 + -3e179?
-3e177
In base 15, what is -326 + -331?
-657
In base 9, what is -1 - -47064?
47063
In base 11, what is 1807 - 63a?
1178
In base 13, what is 38568 - -5?
38570
In base 4, what is 0 - -1211130020?
1211130020
In base 2, what is 10010 + -11011110001?
-11011011111
In base 11, what is 24 - 1647?
-1623
In base 4, what is 1 + -21110223?
-21110222
In base 13, what is -4 - 1273b?
-12742
In base 2, what is 100111 - -11000110100?
11001011011
In base 5, what is 1 - 4121303?
-4121302
In base 4, what is -10 - -20102012?
20102002
In base 13, what is 101 + 168b?
178c
In base 12, what is -100a + -5?
-1013
In base 8, what is -21 + -23172?
-23213
In base 9, what is 1572 - -4087?
5670
In base 5, what is -1122411 - -2?
-1122404
In b